(r) = r**3 - 6*r**2 + 2*r - 7. Let n be (60/(-25))/((-4)/10)*1. Calculate m(n).
5
Let u(h) be the third derivative of -h**4/12 - h**3/6 + 4*h**2. Let c(m) = -m - 1. Let k(f) = 4*c(f) - 3*u(f). What is k(1)?
1
Let j(b) be the first derivative of -b**2/2 + 2*b - 11. Suppose -2 = 4*l + 18. What is j(l)?
7
Let f be (-5 - -15)/(1*2). Let h(j) = -j**2 + 5*j - 3. Determine h(f).
-3
Let i be 1/(-4) - 9/(-4). Let p be i/(-4)*(-1 + 5). Let o(f) = 230*f + 2*f**2 - 1 - 228*f + 2. What is o(p)?
5
Let l(o) = 10*o**3 - 2*o**3 + 1 - 7*o**3 + 2*o. Let h be (2*1/2)/(-1). What is l(h)?
-2
Let i(p) be the third derivative of p**5/60 - 5*p**3/6 - 38*p**2. Determine i(-4).
11
Let j(q) = -5*q - 15. Let d(l) = 6*l + 16. Let u(z) = 4*d(z) + 5*j(z). What is u(-10)?
-1
Suppose -5*k = q + 37 - 8, k = -q - 9. Let m(g) = -4*g**2 - 6*g + 10. Let b(u) = -u**2 - u + 1. Let v(j) = 3*b(j) - m(j). Calculate v(k).
3
Let x = -9 - -15. Let a be (-3)/6 - x/(-4). Let z(m) = -5*m**2 + 4*m**2 + 0*m + m. Determine z(a).
0
Suppose 2*y - 8 = -0. Suppose 2*v - 3*j = -13, j = v + y*v. Let m(h) = v + h - 2*h**2 - 5 + 3. Calculate m(2).
-7
Suppose 4*g + 6 = 6*g. Suppose n - r - 1 = 0, 4*r - 8 = -0*r. Let a(s) = -3*s - n*s**2 + s**3 + 1 + 3 - s**2 + s. Give a(g).
-11
Suppose 3*u = -2*x + 11, u - 9 + 45 = 5*x. Let s(y) = -y**2 + 6*y. Determine s(x).
-7
Let c be 2/(-4) - 7/(-14). Let y(r) = 8 - 2*r + r**3 + 2*r**2 + 0*r**2 + c*r**2 - 11. Calculate y(-3).
-6
Let u(i) = -i**3 + i**2 + 6*i - 2. Let f be u(3). Let p(g) be the first derivative of g**3/3 + 2*g - 1. What is p(f)?
6
Let h(l) = l**3 - 5*l**2 + 2. Suppose 4*u + 5*p = 0, p - 5*p = 4*u - 4. Let a be h(u). Let i(w) = -4 + 2 - 2*w + 1 - a*w. What is i(-2)?
7
Let h(d) = -2*d - 3. Let v be 1*2 + 2 + 1. Suppose v*t + 10 = -0. Determine h(t).
1
Let a(j) = j - 1. Let c(o) = 9*o - o**2 + 0*o**2 - 9 + 2. Let r(m) = -4*a(m) + c(m). Give r(6).
-9
Let r(a) = 10 + 3*a - a**2 - 3*a - 6*a. Let z be r(-7). Let d(l) be the second derivative of -l**5/20 + l**4/6 + l**3/3 + 2*l**2 - l. Give d(z).
1
Let n(w) = w**2 - 9*w - 6. Let q be n(10). Let h(b) = 2*b - 6. Give h(q).
2
Let l(b) = b**3 - 4*b**2 + 2*b - 6. Let m be 532/70 - (-2)/5. Suppose 5*t - m - 11 = -z, t = z + 5. Calculate l(t).
2
Let k(l) = -2*l - 1. Suppose v + 8 = 5*v. Suppose 6*a = v*a - 8. Calculate k(a).
3
Let j(q) = q**3 + 0 - 4 - 4*q**2 - q**2. Let h be j(5). Let f(i) = -2 - 8 + 5 - 2*i + 4. Calculate f(h).
7
Let d(o) be the first derivative of o**4/4 + 2*o**3 + 5*o + 37. Determine d(-6).
5
Let n be (-3)/(-6) + 10/(-4). Let g(u) = u + 2. Let o be g(n). Let s(k) = -k**2 - 2*k**2 - 2*k**2 + o + 1. Calculate s(-1).
-4
Let i(u) be the second derivative of u**4/6 - u**3/3 - u**2/2 - 4*u. Calculate i(3).
11
Suppose -y + 14 = g + 3*y, y - 35 = 5*g. Let b(x) = -7*x**2 + 23*x - 11. Let u(v) = 3*v**2 - 11*v + 5. Let a(l) = 4*b(l) + 9*u(l). What is a(g)?
7
Let d(g) = -g**2 - g + 6. Let c(f) = f**2 - 6. Let v(u) = 5*c(u) + 6*d(u). Give v(-6).
6
Let a be ((-20)/(-14))/(2/14). Suppose -5 = 3*r + a. Let s(l) = l**3 + 6*l**2 + 7*l + 5. Give s(r).
-5
Let j(z) be the second derivative of 3/2*z**2 - 4*z + 0 + 1/6*z**3. Determine j(0).
3
Let v(f) be the third derivative of -f**6/120 + 7*f**5/60 + 3*f**4/8 - f**3/3 - 3*f**2. Calculate v(8).
6
Let h(w) be the third derivative of w**5/60 - 5*w**4/24 - w**3/3 - w**2. Give h(5).
-2
Let a be (12/15)/(2/5). Suppose o + 0 = -3*j + 8, a*j = 4*o + 10. Let g(z) = z**2 - 2*z + 2. Give g(j).
5
Let s(l) = l + 6. Let f(y) = -y - 7. Let z(k) = -3*f(k) - 4*s(k). Calculate z(5).
-8
Let o(m) = -6*m**2 - 2*m + 5. Let s(j) = -2*j**2 - j + 2. Let l(p) = -3*o(p) + 7*s(p). What is l(-1)?
4
Let q(h) = -5 + h - 2*h**2 - 5*h + 3*h**2. Determine q(5).
0
Let o(m) = -m**2 - 2*m + 7. Let v be -4*3/(-10 + -2). Suppose -t = 4*a - 5*t + 12, -3*t = -a + v. What is o(a)?
-8
Suppose -1 = 3*g + 3*s - 31, -15 = g - 4*s. Suppose -g*u = -7*u + 6. Let q(m) = 5*m - 2. Give q(u).
13
Let l be (1 + 1)/1 + 27. Suppose 2 - 10 = -4*n. Suppose -3*f - n*s = -3 + 7, 5*s = 2*f - l. Let u(d) = -2*d**2 + d - 1. Give u(f).
-7
Let l be 4/28 + 1/42. Let k(s) be the second derivative of 0 + l*s**3 - 2*s - 7/2*s**2. Determine k(0).
-7
Let k(z) = -z**2 + 10*z - 23. Let j(a) = -a**2 + 12*a - 25. Let f(i) = -5*j(i) + 6*k(i). Suppose -6*t = -2*t. What is f(t)?
-13
Suppose 5*u + 2*q = -0 + 35, 0 = -q + 5. Suppose -4*i = -4*w - 24, 11 + 1 = -4*i - u*w. Let x be i/6 + (-11)/(-3). Let c(t) = -3*t + 1. Calculate c(x).
-11
Let u = -1 + 1. Let a = 1 + u. Let s = a - 2. Let h(w) = -7*w**2 - w - 1. What is h(s)?
-7
Let k(n) = -n**2 + 3*n + 2. Let i be (-4)/((-20)/5) + 3. Determine k(i).
-2
Let t be (-10)/(-35) - (-32)/(-14). Let l(p) be the second derivative of 3*p**5/20 + p**2/2 + p. Let w(v) = 3*v**3 + 1. Let o(i) = t*w(i) + 3*l(i). Give o(1).
4
Let d(p) = -4*p**2 + 3*p - 3. Suppose 0 = 2*y - 4*w - 24, y + 2*w = -y. Let j be 5 - y/((-8)/(-6)). Determine d(j).
-13
Let z(a) = 9*a**3 - 6 + 4 - 2*a + 3 - 10*a**3. What is z(1)?
-2
Let r(l) be the second derivative of 5*l**4/24 + 7*l**2/2 - 9*l. Let a(s) be the first derivative of r(s). What is a(1)?
5
Let v be (3/6)/(3/18). Let w(c) = -2 + 16*c - 17*c - v. Calculate w(-6).
1
Let j = -25 - -28. Let u(r) be the first derivative of 5/3*r**j - 1 + 0*r - 1/4*r**4 - 5/2*r**2. Determine u(4).
-4
Suppose m + 5 = -5*u + 2*u, -3*m - 3*u = -3. Suppose 11 + 14 = 2*z - 5*y, -20 = -5*z + m*y. Let a(f) = f**2 + f - 4. Determine a(z).
-4
Let t(z) be the third derivative of -z**5/30 - 5*z**4/24 + z**3/3 + 22*z**2. What is t(-5)?
-23
Let a(w) be the third derivative of 0*w + 0 - 1/2*w**3 + 1/120*w**6 - 7*w**2 + 1/10*w**5 + 1/24*w**4. Give a(-5).
17
Suppose 4*x - 90 = -114. Let t(s) = s**3 + 6*s**2 - 8. Determine t(x).
-8
Let w(f) = f - 7. Suppose -3*c = 4*y + 6 - 56, 4*c - 30 = 2*y. Let j = 10 - c. Determine w(j).
-7
Let q(k) be the second derivative of -k**5/20 - k**4/6 + k**3/3 + k**2 + 22*k. Let d be -2 + 3 - (2 - -2). Determine q(d).
5
Let r(a) be the second derivative of -1/2*a**3 - 5/12*a**4 + 0 - 1/20*a**5 + 3/2*a**2 - 4*a. Let y(q) = 2*q + 3. Let n be y(-3). Give r(n).
-6
Let w(m) = m**2 - 4*m - 1. Let o(k) = -k**3 + k**2 + 20. Let y be o(0). Suppose 4*g - y = 2*g. Suppose 4*c - g = 2*c. What is w(c)?
4
Let h(v) = v - 1. Let u(m) = -5*m**3 - m**2 + 2*m. Let p be u(1). What is h(p)?
-5
Let d(p) = -p**3 + 4*p**2 + 2*p - 1. Let l be d(4). Suppose 1 = q + l. Let y(h) = -h**2 - 5*h. Calculate y(q).
-6
Let n(y) be the third derivative of y**7/2520 + y**6/120 - y**5/30 - 4*y**2. Let j(i) be the third derivative of n(i). What is j(-5)?
-4
Let n = -18 + 21. Let z(m) = m**3 + 4 + 0*m**n + 6*m**2 + 0 + 2*m. Give z(-6).
-8
Let x(w) = 16*w**3 - 2*w**2 + w. Let z be ((-7)/(-14))/(4/8). Give x(z).
15
Suppose 4*p - 2*p - 22 = 4*j, 2*j + 4*p + 6 = 0. Let i(f) = -f - 3. Determine i(j).
2
Let z be (2/6)/(1/(-51)). Let y = 21 + z. Let h(p) = p**3 - 3*p**2 - 5*p + 3. Determine h(y).
-1
Suppose -4*d = -7*d + 12. Let k(m) = -2*m + 2. What is k(d)?
-6
Let f = -1 + 6. Let g(c) = -7*c**2 - 11*c - 4. Let m(k) be the first derivative of -4*k**3/3 - 3*k**2 - 2*k - 2. Let q(a) = f*m(a) - 3*g(a). Give q(-3).
2
Let o = -37 - -38. Let n(q) = -4*q**3 + q**2 - q. What is n(o)?
-4
Let g(j) = -j + 9. Let a = -30 + 60. Let b be a/4 - (-12)/(-8). Determine g(b).
3
Suppose -3*z + 3*l = 49 - 10, 2*z + 5*l = 9. Let h(s) = -s - 8. Give h(z).
0
Let p(u) = 4*u + 2. Let w(r) = -r**3 + 7*r**2 - 9*r + 20. Let m be w(6). Calculate p(m).
10
Let i = 50 - 47. Let x(z) = -z**3 + 5*z**2 - 4*z. Calculate x(i).
6
Let n(p) be the second derivative of 3*p + 0*p**3 - 1/12*p**4 + 0 + p**2. Calculate n(-2).
-2
Suppose 34*s = 37*s - 9. Let g(k) = -k**2 + k - 3. Determine g(s).
-9
Let p = -1 - -3. Let m(k) = k**2 + p*k**3 + k**2 - 3*k**3 + 1. Calculate m(2).
1
Suppose 6 - 4 = n. Let d(z) = 4*z**3 - z**2. Let x be d(1). Let h(g) = g**2 - 4*g - x + 6 + 0. What is h(n)?
-1
Suppose 3*r + 3*l + l + 3 = 0, -r + l = 1. Let v be (r - -1) + 5 + 1. Let g be v*2/(-12)*-2. Let n(h) = 2*h**2 - 2*h + 1. What is n(g)?
5
Let q be (0/(-1) + 3)*1. Suppose 0 = -4*j, -4*k + 8*j = q*j - 4. Let v(x) = 6*x + 1. Give v(k).
7
Let p(r) be the third derivative of -1/24*r**4 + 3*r**2 + 0 + 0*r + 5/6*r**3. Give p(5).
0
Let u be ((-15)/(-10))/(6/8). Suppose 4*d + 12 = -4*w, d + 3*w +